 y?
8
Suppose 0 = -3*j + 4*f + 124, 45 = 3*j - 2*j - 5*f. Let d = 23 + j. Calculate the highest common divisor of d and 42.
21
Let r = 57 + -27. Let b(m) = 2*m + 7. Let h be b(4). What is the greatest common factor of h and r?
15
Let z = 0 + 60. Suppose 0 = 8*w - 4*w - z. What is the greatest common divisor of 30 and w?
15
Let c(q) = 2*q**3 - 7*q**2 + 2*q - 7. Let v be c(4). What is the greatest common divisor of 119 and v?
17
Let k(b) be the third derivative of -b**5/60 + 11*b**4/24 - 2*b**3/3 + b**2. Let h be k(8). What is the highest common factor of 30 and h?
10
Suppose -4*f + 3*x = -0*f - 405, 5*x - 282 = -3*f. Calculate the highest common factor of 9 and f.
9
Suppose 3*i = -0*i - 4*y + 18, -17 = -4*i - 3*y. Let w(k) = 4*k - 1. Let p be w(i). Calculate the greatest common divisor of p and 7.
7
Let o be 6/(-33) + (-928)/(-22). Calculate the greatest common divisor of 6 and o.
6
Let v(h) = -13*h + 15. Let g(f) = f - 1. Let q(b) = -6*g(b) - v(b). Let z be q(3). What is the greatest common factor of 30 and z?
6
Suppose -53*g + 40 = -52*g. Calculate the highest common factor of 8 and g.
8
Suppose 5*i + 13 = 73. What is the greatest common factor of i and 132?
12
Suppose c + 7 - 18 = 0. Let x = 44 - 25. Let d = x + -8. What is the greatest common divisor of d and c?
11
Let k(p) = p + 5. Let o be k(7). Let a be 3/(-3) - 9*-1. Calculate the greatest common factor of o and a.
4
Suppose -11*j + 6*j + 20 = 0. Calculate the highest common divisor of 4 and j.
4
Let x = 35 + -25. Let y(k) = -k**2 - 5*k + 2. Let a be y(-4). Suppose -3*o - 30 = -a*o. Calculate the highest common divisor of o and x.
10
Suppose 0 = -4*p + 4*h + 5 - 1, -4*h = 3*p - 31. Let n(t) = 2*t**2 - 6*t - 1. Let r be n(-4). What is the greatest common factor of p and r?
5
Suppose 0 = -4*u + 6*u - 90. What is the greatest common divisor of u and 15?
15
Let i be -10*(-2 - 33/6). Let o(c) = -c**3 + 6*c**2 - 2*c + 6. Let p be o(4). What is the highest common factor of i and p?
15
Suppose -4*z + 8 = -3*n - 2, 4*z - 18 = -n. Suppose -5*d + 0*d + 2*b = -50, -z*d = -2*b - 42. Calculate the highest common divisor of 40 and d.
8
Suppose -3*h + 11 = q - 21, 0 = 2*q - 2*h - 32. Suppose 0 = -3*b + z + 87, -b = -0*b - z - 27. Calculate the greatest common divisor of b and q.
10
Suppose -5*f = -4*f - 4. Suppose f*b + 0*b - 216 = 0. Let v(m) = -m**3 - 4*m**2 + 5*m + 6. Let r be v(-5). Calculate the highest common divisor of r and b.
6
Suppose -q = 9 - 10. What is the highest common divisor of 1 and q?
1
Let c = 97 + -52. Calculate the greatest common factor of c and 9.
9
Let c(i) = i**2 - 2*i + 1. Let m be c(-5). What is the greatest common divisor of 54 and m?
18
Let a be 3 + 3*1/3. Suppose a*l + l = -3*m + 90, -4*m + 18 = l. Calculate the highest common factor of l and 2.
2
Let c(y) = -4*y + 1. Let m be c(10). Let h be (m/12 + 2)*-16. What is the highest common factor of 220 and h?
20
Suppose 0*a = a - 9. What is the highest common divisor of 3 and a?
3
Let j(w) = w**2 - 7*w - 8. Let c(f) = -2*f**2 + 13*f + 15. Let h(m) = -2*c(m) - 5*j(m). Let b be h(8). What is the greatest common divisor of b and 144?
18
Let a = 433 + -271. Let g be ((-3 - -1)*10 - -2)/(-1). Calculate the highest common factor of g and a.
18
Let t = -19 - -31. Let b be 3 - (-73 - (-4)/(-4)). Suppose 2*n - c = b, -5*c + 21 = -2*n + 118. What is the greatest common factor of n and t?
12
Suppose -2*n + 7*n = 700. Suppose -5*p - 5*v + 95 = 0, v - 13 + 114 = 5*p. Calculate the highest common divisor of n and p.
20
Let p be -1*((-5)/(-1) - 2). Let a be (64/(-6) + 0)*p. Let g(t) = t - 1. Let z be g(5). Calculate the greatest common divisor of z and a.
4
Suppose 6*u = u + 275. Calculate the greatest common factor of 11 and u.
11
Suppose 3*f - 160 = f. Let w(p) = -2*p**3 - p**2 - p - 4. Let b be w(-2). Calculate the highest common divisor of f and b.
10
Let w be 12/20 + (-114)/(-10). Calculate the highest common divisor of w and 4.
4
Suppose -5*m + 3 + 2 = 0. Let w be (-1 - m)/((-8)/68). Suppose 4*s - 50 - 18 = 0. Calculate the greatest common divisor of w and s.
17
Let a = 57 - 32. Let s = 41 - a. What is the greatest common factor of s and 48?
16
Let l(u) = 5*u**3 + 1. Let h be l(1). Let x = -6 + h. Suppose x = p + 4*p - 140. What is the greatest common factor of 7 and p?
7
Let q(f) = -f + 1. Suppose 14 = -2*a - 4*u, -2*a - u = -6*u + 23. Let w be q(a). Calculate the highest common factor of 4 and w.
2
Let x = 6 + 35. What is the highest common divisor of 205 and x?
41
Suppose -92 - 164 = -2*q. What is the highest common divisor of q and 16?
16
Suppose 0*f + 3*f = -c + 53, -3*c = f - 31. Calculate the greatest common factor of 112 and f.
16
Let m = -16 - -24. Let v(p) = -p**2 + p - 19. Let d be v(0). Let h = 67 + d. Calculate the greatest common factor of h and m.
8
Let n = -51 + 101. Let v(k) = -8*k + 4. Let j(i) = -i + 3. Let l be j(5). Let m be v(l). What is the greatest common factor of n and m?
10
Let t be (6/3)/((-14)/(-49)). What is the greatest common divisor of t and 7?
7
Let j be (-3 - 20/8)*-20. Let p be (-16)/(-6)*(-66)/(-4). Calculate the highest common divisor of p and j.
22
Let f be 4*((-9)/(-3) - 2). Suppose -f*h = -2 - 10. What is the highest common factor of 3 and h?
3
Let i be (25/10 + -1)*(-286)/(-3). What is the greatest common factor of 22 and i?
11
Let c(n) = n**3 + 2*n**2 - n. Let o be c(-2). Let t be (-2)/o - 72/(-9). What is the greatest common factor of 21 and t?
7
Let q = -21 - -36. Calculate the highest common divisor of 60 and q.
15
Let o(c) = 0 + 14*c**3 - 1 - c - 2*c**3 - 2*c**3. Let p be o(2). Calculate the greatest common factor of 7 and p.
7
Suppose -5*f - 2*z + 252 = 86, 3*f + z = 99. Calculate the highest common divisor of 8 and f.
8
Suppose 0 = 3*r - 15, -4*h + 7*h = -5*r + 37. Suppose -5*a + 2 + 5 = -3*q, 0 = 2*q + h*a - 32. Calculate the greatest common factor of q and 54.
6
Let f(d) = d + 20. Let i be f(-4). What is the greatest common factor of i and 16?
16
Suppose -g - 2*c - 5 = 0, 0 = -g + 3*g - 5*c - 35. Suppose -50 = -0*f - 2*f. What is the greatest common factor of g and f?
5
Suppose -4 = -2*w + 26. Let r = 7 + 113. What is the greatest common factor of w and r?
15
Let r(g) = g**2 - 19*g + 4. Let m be r(12). Let f = -48 - m. What is the greatest common divisor of 16 and f?
16
Let j be (-9*5)/(15/(-20)). Let n = -20 + 30. What is the highest common factor of j and n?
10
Suppose 5*j = -20, -3*u - 4*j + 2*j + 472 = 0. Suppose -5*f + 4*q + 328 = 2*q, 4*q - 240 = -4*f. What is the highest common factor of f and u?
32
Let v(k) = -k**2 - 7*k - 8. Let o be v(-6). Let i be 0 + -2 + 77 - o. What is the highest common divisor of 7 and i?
7
Suppose q - 1 = -2*n, -q = -n + 1 - 2. Suppose -2*c + n*c = -32. Calculate the greatest common factor of c and 16.
16
Let y(h) = -h**2 + 7*h - 8. Let f be y(6). Let k be (f/2)/((-3)/69). Calculate the greatest common divisor of k and 92.
23
Suppose 5*p + 80 = -3*y + 7*y, y + p - 11 = 0. What is the highest common factor of y and 6?
3
Let x be (-2)/3*(-1 + 4). Let m be 2/x + 2 + 3. Let w be (-50)/(-4) + (-2)/m. Calculate the greatest common divisor of 12 and w.
12
Let k(f) = -34*f. Let o = -3 - 1. Let u be k(o). Calculate the highest common factor of u and 17.
17
Suppose -3*t = -4*t + 27. Let n = 4 - 2. Let k(q) = 2*q**3 - q**2 - 2*q + 1. Let g be k(n). Calculate the highest common divisor of t and g.
9
Let c(t) = t**3 + 6*t**2 - t + 2. Let k be c(-6). Let i = k + -1. Let f be (-14)/(2/16*-2). What is the highest common divisor of f and i?
7
Let r be 2/(-5) - (-6622)/55. Suppose 0 = x + 2*x - 5*n - 80, -5*x + r = -5*n. Calculate the highest common divisor of x and 160.
20
Let k be ((-22)/11)/(1/(-2)). Let d = k - -2. Calculate the highest common factor of 12 and d.
6
Let i(w) = -1 + w**2 + w**2 - 2*w + 0*w. Let o be i(2). Calculate the greatest common factor of 24 and o.
3
Let u(p) = 2*p + 10. Let r be u(4). What is the highest common divisor of 234 and r?
18
Suppose -4*h + 3*h = -4, -2*o = -3*h - 30. What is the highest common divisor of 28 and o?
7
Suppose 5 = -b - 5. Let v = 19 + b. Calculate the highest common factor of 27 and v.
9
Let m(t) be the first derivative of -t**3/3 - 2*t**2 - t + 2. Let x be m(-2). Let z be (1/(-3))/((-3)/9). Calculate the highest 